 g = t + 3. List the prime factors of 1 - 1*(2 + g).
2
Suppose 7*j - 65 = -5*s + 2*j, s - 5*j - 13 = 0. Let c = 31 + s. What are the prime factors of c?
2, 11
What are the prime factors of (-2)/((-9)/(513/6))?
19
Let i = -8 + 11. Suppose 3*v + 6*f = 2*f + 77, 2*v = i*f + 23. What are the prime factors of v?
19
Let t(a) = -a**2 + 6*a + 9. Let h be t(8). Let q = h - -14. What are the prime factors of q?
7
Let h(r) = r**2 + r + 75. What are the prime factors of h(0)?
3, 5
Let d(f) = -92*f - 9. What are the prime factors of d(-4)?
359
Suppose 4*r + r - 20 = 0. Suppose -8 = -3*f + r*y, -3 = 3*f - y - 14. What are the prime factors of f?
2
Let m(t) = t**2 - 2*t - 17. List the prime factors of m(-8).
3, 7
Let q(g) = -g**2 - 11*g - 2. Suppose -3*y + 2*l - 16 = 0, -2*y + 0*y + l - 12 = 0. List the prime factors of q(y).
2, 11
Let t(j) = -11*j**3 - 24*j**2 - 12*j + 17. Let d(l) = 4*l**3 + 8*l**2 + 4*l - 6. Let h(o) = -8*d(o) - 3*t(o). Let r = -4 + -3. List the prime factors of h(r).
2, 3
Let f = -187 - -126. Let y = -30 - f. List the prime factors of y.
31
Let o be 88/12*9 + -1. Suppose 0 = -5*j - 0*j + o. List the prime factors of j.
13
Suppose s = -4*s + 35. What are the prime factors of (-1 + -1 + s)*9?
3, 5
Suppose 12*i - 236 = 8*i. What are the prime factors of i?
59
Suppose -15 = -a + 17. Suppose -3*g + a - 8 = 0. What are the prime factors of g?
2
Let n(o) = -2*o - 5*o + 6*o - o. What are the prime factors of n(-8)?
2
What are the prime factors of (-1)/(-4) + 1077/12?
2, 3, 5
Suppose 4*c + 140 + 0 = 0. What are the prime factors of (c/(-21))/((-2)/(-6))?
5
Suppose 4*c - 5*c + 21 = 3*h, 37 = 5*h + c. Suppose h*t - 3*t - 10 = 0. Suppose 0 = -5*z - l + 17, t*z + 0*l + 4*l + 4 = 0. List the prime factors of z.
2
Let z = -146 - -215. Suppose -z = -5*j + 31. List the prime factors of j.
2, 5
Suppose -y = 8*b - 5*b - 73, 5*y = -4*b + 90. What are the prime factors of b?
5
Let j(n) = -n**2 - n + 1. Let z(k) = -3*k + 5. Let b(y) = -3*j(y) + z(y). List the prime factors of b(2).
2, 7
Let y(z) = z**2 - z - 11. Suppose 3*p - 2 = -p - h, 3*p = -2*h + 4. Let q be y(p). Let o = 21 + q. What are the prime factors of o?
2, 5
Let x = -5 + 8. Let i be 46/8 - 3/(-12). Suppose -x*y = -y - i. List the prime factors of y.
3
Suppose -5*s + 4*t = -403 - 416, 2*s - 4*t = 330. List the prime factors of s.
163
Let z(o) = o**2 + 6*o. Let y(l) = l - 1. Let g(w) = -6*y(w) + z(w). Let i be g(0). Let d = 14 - i. List the prime factors of d.
2
Let h = -102 - -197. List the prime factors of h.
5, 19
What are the prime factors of (-28 + (-4)/2)*(-2)/6?
2, 5
Suppose -6*s + 180 = -4*s. Suppose -29 = q - s. What are the prime factors of q?
61
Let v = 29 - 14. What are the prime factors of v?
3, 5
Let a be (-2)/(-3)*3 + 56. Suppose 0*x = -x + 4*f + 17, -2*x - 4*f + a = 0. What are the prime factors of x?
5
Let v be (0 - (-6)/3) + 4. Suppose d + d = -v. Let q = d - -19. What are the prime factors of q?
2
Let t = 5 + -3. Suppose 14 = t*c + 2. What are the prime factors of c?
2, 3
Let h(l) be the second derivative of 1/12*l**4 + 1/2*l**2 + 1/3*l**3 + 0 + 3*l. What are the prime factors of h(-3)?
2
Let t = 32 + -1. Let h = t - 19. What are the prime factors of h?
2, 3
Let p(t) = t**2 + t. Let i be p(-1). Let g(n) = n**2 + 10. List the prime factors of g(i).
2, 5
List the prime factors of (0 - 1)/((-4)/492).
3, 41
Suppose 0 = 5*r - 3 - 12. What are the prime factors of (-41)/(-4) - r/12?
2, 5
Let d = -3 + 6. Let n(w) = -2*w**3 + 4*w**2 - w**d + 2*w**3 + 3*w - 1 - 3. What are the prime factors of n(4)?
2
Suppose -5*h = 3*y + 22, 3*h - 6 = -3*y - 18. Suppose 90 = 5*s - n, -5*s - y = 4*n - 66. What are the prime factors of s?
17
Suppose -3*y + 10 = 2*y, 3*u + 5*y = 76. Let i = u - -38. List the prime factors of i.
2, 3, 5
What are the prime factors of ((-54)/(-7))/((-7)/(-3 + -144))?
2, 3
Suppose -2*w = -4*g - 5 - 1, -2*w + 6 = 5*g. List the prime factors of w.
3
Let q(t) = 44*t**2 + t. Let k be q(1). Suppose m - k = -2*m. List the prime factors of m.
3, 5
Suppose 0 = -5*u - 3*f - f - 78, -u = 5*f + 3. Let c = 12 + u. What are the prime factors of (0 + 6)/((-9)/c)?
2
Suppose -5*h + 392 = 3*h. List the prime factors of h.
7
Let l(c) = -2*c + 2 + 3*c - 3. Let t = 4 + 0. What are the prime factors of l(t)?
3
Let t be (-1)/4 + 63/12. Suppose -3*d - t = -47. What are the prime factors of d?
2, 7
Suppose 3*b + 4*o = 8 - 34, -5*o - 33 = 4*b. Let x be b/(4/(-6)*-3). What are the prime factors of ((1 - 1) + x)*-11?
11
Suppose -2*r + 58 = m + 3*m, 2*r - 4*m - 50 = 0. What are the prime factors of r?
3
Suppose 2*a = 5*b - 92, 2*a - 6*a + 16 = 0. List the prime factors of b.
2, 5
Suppose 2*u - 118 - 32 = -v, 3*v = 2*u + 450. List the prime factors of v.
2, 3, 5
Let d(o) = -o**3 - 12*o**2 - 17*o - 27. What are the prime factors of d(-11)?
3, 13
Let d(t) = 7*t + 1. Let r be d(2). Suppose -5*g = -0*g - r. What are the prime factors of -2 + 6*g - 2?
2, 7
Let c = -13 - -26. List the prime factors of c.
13
Suppose 0 = 2*w - 4*w - 14. Suppose 7*r - 95 = 2*r. Let u = r + w. What are the prime factors of u?
2, 3
Suppose 0 = -2*g + 5*w + 504, -6*w + 3*w = 5*g - 1260. What are the prime factors of g?
2, 3, 7
What are the prime factors of ((-6)/15)/(5/(-150))?
2, 3
What are the prime factors of 379/2 + (-9)/18?
3, 7
Suppose 4*v - 1 = 7. Suppose -d + 54 = v*d. Suppose b + d = 2*b. List the prime factors of b.
2, 3
Let z(o) = 2*o**2 - o. Let m be z(-1). Let i be (-4)/10 - 28/5. What are the prime factors of m/2 - 21/i?
5
Suppose -22*y + 17*y = -735. What are the prime factors of y?
3, 7
Let k = -17 + 24. Suppose 35 = -5*y - 6*c + 2*c, 2*y = -2*c - 14. What are the prime factors of (-5 - y) + k + -1?
2
Let d be ((-15)/(-4) - 3)*4. Let y be 43 - (d + -1 + 0). Suppose y + 19 = 5*v. What are the prime factors of v?
2, 3
Let r(o) = 6*o**2 - 3*o + 8. List the prime factors of r(-4).
2, 29
What are the prime factors of (-3)/(-1) + 93 + -6 + 3?
3, 31
Suppose 10 = 5*o - 0*o. Suppose o*t + 8 = 4*t. List the prime factors of t.
2
Let q(g) = g + 1. Let h(m) = 3*m + 3. Let w(n) = 4*h(n) - 10*q(n). List the prime factors of w(7).
2
Suppose 3*o + 4*m + 22 = 0, 2*o - 9 = 3*o + m. List the prime factors of (21/o)/(2/(-20)).
3, 5
Suppose 0 = -n + 8 - 4. Suppose 8 = -n*g + 28. Suppose -4*f + 0 = -4, 0 = 2*t - g*f - 5. List the prime factors of t.
5
Let q(i) = i**3 + 10*i**2 + 10*i + 3. What are the prime factors of q(-7)?
2, 5
Let z(j) = j**2 + 3*j - 7. What are the prime factors of z(-5)?
3
List the prime factors of 90/4*(-102)/(-85).
3
Suppose -5*u = 2 - 7. Let x be u + -1 + 8*1. Suppose 16 = 2*f - 0*f - c, 4*c = x. List the prime factors of f.
3
List the prime factors of ((-9)/(-4))/(4/(12 - -4)).
3
Let z(y) = -2*y**3 - 7*y**2 - 5*y - 2. What are the prime factors of z(-4)?
2, 17
Let j(a) = -a - 1. Let n be j(-4). Let l(x) = -x + 0*x**2 - 2 - n*x**2 + 5*x**2. What are the prime factors of l(-2)?
2
Let d = 33 - -178. What are the prime factors of d?
211
List the prime factors of 3 + ((-1)/(-2) - (-17)/2).
2, 3
List the prime factors of (-2 + (-357)/(-14))/(1/6).
3, 47
Suppose 11*f = 4*f + 1540. What are the prime factors of f?
2, 5, 11
Let u(i) = -2*i**2 + 5*i - 3. Let j be u(3). Let k(f) = -f**2 - 8*f - 9. Let y be k(j). Let h(c) = c**3 - 2*c**2 + 3. What are the prime factors of h(y)?
2, 3
Let g(v) = -v**3 - 2*v**2 + 2. Suppose -5*y - 13 = 2. List the prime factors of g(y).
11
List the prime factors of 6/(-4) - 468/(-8).
3, 19
Let b = 81 + -50. What are the prime factors of b?
31
Suppose 5*x + 254 = 2049. What are the prime factors of x?
359
Suppose -3*y + 4*n = 26, -2*y - 24 = 2*n - 6*n. Let c be y + 8 - (4 + -3). Let v(l) = -l + 7. List the prime factors of v(c).
2
Let v(n) = 7*n - 9. Let z be v(8). Suppose 3*i - 45 = -2*c, -6*c = -4*c + i - z. Suppose c = h + h. What are the prime factors of h?
2, 3
Let t = 313 - 101. List the prime factors of t.
2, 53
Let p(m) = -m**2 - 6*m - 4. Let i be p(-4). Let y(v) = -v**3 - 3*v**2 - 2*v - 4. Let l be y(-3). What are the prime factors of 0/i - -8*l?
2
Suppose -3*a + 4*p = -1, -1 = 3*a - 2*a - 2*p. Suppose -2*o = -a*w - 38, 3 - 6 = o + 4*w. List the prime factors of o.
13
Let n(w) = w**3 - 8*w**2 + 6*w + 4. Let g be n(7). Let j be (-32)/(-6) - g/(-9). Suppose 16 = -a + j*a - 3*x, -2*a = 